{"id":15,"date":"2023-10-20T12:59:01","date_gmt":"2023-10-20T10:59:01","guid":{"rendered":"http:\/\/crousandgo.crous-bfc.fr\/lumiere\/?page_id=15"},"modified":"2023-10-20T13:03:40","modified_gmt":"2023-10-20T11:03:40","slug":"offres-lumiere","status":"publish","type":"page","link":"https:\/\/crousandgo.crous-bfc.fr\/lumiere\/offres-lumiere\/","title":{"rendered":"Offres Lumi\u00e8re"},"content":{"rendered":"\t\t<div data-elementor-type=\"wp-page\" data-elementor-id=\"15\" class=\"elementor elementor-15\" data-elementor-post-type=\"page\">\n\t\t\t\t<div class=\"elementor-element elementor-element-67d2589 e-flex e-con-boxed e-con e-parent\" data-id=\"67d2589\" data-element_type=\"container\" data-e-type=\"container\">\n\t\t\t\t\t<div class=\"e-con-inner\">\n\t\t\t\t<div class=\"elementor-element elementor-element-9054c2b elementor-widget elementor-widget-text-editor\" data-id=\"9054c2b\" data-element_type=\"widget\" data-e-type=\"widget\" data-widget_type=\"text-editor.default\">\n\t\t\t\t<div class=\"elementor-widget-container\">\n\t\t\t\t\t\t\t\t\t<p>Offres Lumi\u00e8re<\/p>\t\t\t\t\t\t\t\t<\/div>\n\t\t\t\t<\/div>\n\t\t\t\t\t<\/div>\n\t\t\t\t<\/div>\n\t\t<div class=\"elementor-element elementor-element-d1acea2 e-flex e-con-boxed e-con e-parent\" data-id=\"d1acea2\" data-element_type=\"container\" data-e-type=\"container\">\n\t\t\t\t\t<div class=\"e-con-inner\">\n\t\t\t\t<div class=\"elementor-element elementor-element-2ce784e elementor-grid-4 elementor-grid-tablet-3 elementor-grid-mobile-2 elementor-products-grid elementor-wc-products elementor-widget elementor-widget-wc-categories\" data-id=\"2ce784e\" data-element_type=\"widget\" data-e-type=\"widget\" data-widget_type=\"wc-categories.default\">\n\t\t\t\t<div class=\"elementor-widget-container\">\n\t\t\t\t\t<div class=\"woocommerce columns-4\"><ul class=\"products elementor-grid columns-4\">\n<li class=\"product-category product first\">\n\t<a aria-label=\"Acc\u00e9der \u00e0 la cat\u00e9gorie de produits Ustensiles \/ R\u00e9utilisables\" href=\"https:\/\/crousandgo.crous-bfc.fr\/lumiere\/categorie-produit\/ustensiles\/\"><img fetchpriority=\"high\" decoding=\"async\" src=\"https:\/\/crousandgo.crous-bfc.fr\/lumiere\/wp-content\/uploads\/sites\/2\/2023\/10\/Crous-GO-215x140-1.png\" alt=\"Ustensiles \/ R\u00e9utilisables\" width=\"300\" height=\"300\" \/>\t\t<h2 class=\"woocommerce-loop-category__title\">\n\t\t\tUstensiles \/ R\u00e9utilisables<mark class=\"count\">2 produits<\/mark>\t\t<\/h2>\n\t\t<\/a><\/li>\n<li class=\"product-category product\">\n\t<a aria-label=\"Acc\u00e9der \u00e0 la cat\u00e9gorie de produits Sandwichs\" href=\"https:\/\/crousandgo.crous-bfc.fr\/lumiere\/categorie-produit\/sandwichs\/\"><img decoding=\"async\" src=\"https:\/\/crousandgo.crous-bfc.fr\/lumiere\/wp-content\/uploads\/sites\/2\/2023\/10\/SANDWICH-1-300x300.png\" alt=\"Sandwichs\" width=\"300\" height=\"300\" srcset=\"https:\/\/crousandgo.crous-bfc.fr\/lumiere\/wp-content\/uploads\/sites\/2\/2023\/10\/SANDWICH-1-300x300.png 300w, https:\/\/crousandgo.crous-bfc.fr\/lumiere\/wp-content\/uploads\/sites\/2\/2023\/10\/SANDWICH-1-150x150.png 150w, https:\/\/crousandgo.crous-bfc.fr\/lumiere\/wp-content\/uploads\/sites\/2\/2023\/10\/SANDWICH-1-100x100.png 100w\" sizes=\"(max-width: 300px) 100vw, 300px\" \/>\t\t<h2 class=\"woocommerce-loop-category__title\">\n\t\t\tSandwichs<mark class=\"count\">5 produits<\/mark>\t\t<\/h2>\n\t\t<\/a><\/li>\n<li class=\"product-category product\">\n\t<a aria-label=\"Acc\u00e9der \u00e0 la cat\u00e9gorie de produits NaN\" href=\"https:\/\/crousandgo.crous-bfc.fr\/lumiere\/categorie-produit\/nan\/\"><img decoding=\"async\" src=\"https:\/\/crousandgo.crous-bfc.fr\/lumiere\/wp-content\/uploads\/sites\/2\/woocommerce-placeholder.png\" alt=\"NaN\" width=\"300\" height=\"300\" \/>\t\t<h2 class=\"woocommerce-loop-category__title\">\n\t\t\tNaN\t\t<\/h2>\n\t\t<\/a><\/li>\n<li class=\"product-category product last\">\n\t<a aria-label=\"Acc\u00e9der \u00e0 la cat\u00e9gorie de produits Formules\" href=\"https:\/\/crousandgo.crous-bfc.fr\/lumiere\/categorie-produit\/formules\/\"><img loading=\"lazy\" decoding=\"async\" src=\"https:\/\/crousandgo.crous-bfc.fr\/lumiere\/wp-content\/uploads\/sites\/2\/2023\/10\/SALADE-COMPOSEE-2-2.png\" alt=\"Formules\" width=\"300\" height=\"300\" \/>\t\t<h2 class=\"woocommerce-loop-category__title\">\n\t\t\tFormules\t\t<\/h2>\n\t\t<\/a><\/li>\n<\/ul>\n<\/div>\t\t\t\t<\/div>\n\t\t\t\t<\/div>\n\t\t\t\t\t<\/div>\n\t\t\t\t<\/div>\n\t\t\t\t<\/div>\n\t\t","protected":false},"excerpt":{"rendered":"<p>Offres Lumi\u00e8re<\/p>\n","protected":false},"author":1,"featured_media":0,"parent":0,"menu_order":0,"comment_status":"closed","ping_status":"closed","template":"","meta":{"site-sidebar-layout":"no-sidebar","site-content-layout":"","ast-site-content-layout":"full-width-container","site-content-style":"default","site-sidebar-style":"default","ast-global-header-display":"","ast-banner-title-visibility":"","ast-main-header-display":"","ast-hfb-above-header-display":"","ast-hfb-below-header-display":"","ast-hfb-mobile-header-display":"","site-post-title":"disabled","ast-breadcrumbs-content":"","ast-featured-img":"disabled","footer-sml-layout":"","ast-disable-related-posts":"","theme-transparent-header-meta":"","adv-header-id-meta":"","stick-header-meta":"","header-above-stick-meta":"","header-main-stick-meta":"","header-below-stick-meta":"","astra-migrate-meta-layouts":"default","ast-page-background-enabled":"default","ast-page-background-meta":{"desktop":{"background-color":"var(--ast-global-color-4)","background-image":"","background-repeat":"repeat","background-position":"center center","background-size":"auto","background-attachment":"scroll","background-type":"","background-media":"","overlay-type":"","overlay-color":"","overlay-opacity":"","overlay-gradient":""},"tablet":{"background-color":"","background-image":"","background-repeat":"repeat","background-position":"center center","background-size":"auto","background-attachment":"scroll","background-type":"","background-media":"","overlay-type":"","overlay-color":"","overlay-opacity":"","overlay-gradient":""},"mobile":{"background-color":"","background-image":"","background-repeat":"repeat","background-position":"center center","background-size":"auto","background-attachment":"scroll","background-type":"","background-media":"","overlay-type":"","overlay-color":"","overlay-opacity":"","overlay-gradient":""}},"ast-content-background-meta":{"desktop":{"background-color":"var(--ast-global-color-5)","background-image":"","background-repeat":"repeat","background-position":"center center","background-size":"auto","background-attachment":"scroll","background-type":"","background-media":"","overlay-type":"","overlay-color":"","overlay-opacity":"","overlay-gradient":""},"tablet":{"background-color":"var(--ast-global-color-5)","background-image":"","background-repeat":"repeat","background-position":"center center","background-size":"auto","background-attachment":"scroll","background-type":"","background-media":"","overlay-type":"","overlay-color":"","overlay-opacity":"","overlay-gradient":""},"mobile":{"background-color":"var(--ast-global-color-5)","background-image":"","background-repeat":"repeat","background-position":"center center","background-size":"auto","background-attachment":"scroll","background-type":"","background-media":"","overlay-type":"","overlay-color":"","overlay-opacity":"","overlay-gradient":""}},"footnotes":""},"class_list":["post-15","page","type-page","status-publish","hentry"],"publishpress_future_action":{"enabled":false,"date":"2026-04-29 12:08:20","action":"change-status","newStatus":"draft","terms":[],"taxonomy":"","extraData":[]},"publishpress_future_workflow_manual_trigger":{"enabledWorkflows":[]},"_links":{"self":[{"href":"https:\/\/crousandgo.crous-bfc.fr\/lumiere\/wp-json\/wp\/v2\/pages\/15","targetHints":{"allow":["GET"]}}],"collection":[{"href":"https:\/\/crousandgo.crous-bfc.fr\/lumiere\/wp-json\/wp\/v2\/pages"}],"about":[{"href":"https:\/\/crousandgo.crous-bfc.fr\/lumiere\/wp-json\/wp\/v2\/types\/page"}],"author":[{"embeddable":true,"href":"https:\/\/crousandgo.crous-bfc.fr\/lumiere\/wp-json\/wp\/v2\/users\/1"}],"replies":[{"embeddable":true,"href":"https:\/\/crousandgo.crous-bfc.fr\/lumiere\/wp-json\/wp\/v2\/comments?post=15"}],"version-history":[{"count":5,"href":"https:\/\/crousandgo.crous-bfc.fr\/lumiere\/wp-json\/wp\/v2\/pages\/15\/revisions"}],"predecessor-version":[{"id":24,"href":"https:\/\/crousandgo.crous-bfc.fr\/lumiere\/wp-json\/wp\/v2\/pages\/15\/revisions\/24"}],"wp:attachment":[{"href":"https:\/\/crousandgo.crous-bfc.fr\/lumiere\/wp-json\/wp\/v2\/media?parent=15"}],"curies":[{"name":"wp","href":"https:\/\/api.w.org\/{rel}","templated":true}]}}